t + 6. Let g(p) = -3*n(p) - 5*s(p). Determine g(2).
-2
Let a(u) = 33*u - 57*u + 5*u**2 + u**3 + 4 + 28*u. What is a(-4)?
4
Suppose 14*o + 63 = 21*o. Let l(g) = -18 - o + g + 32. What is l(-6)?
-1
Suppose 0 = 4*t + 3*c - 3, -5*t + 18 + 9 = -4*c. Let a(k) be the second derivative of 1/3*k**3 + 2*k**2 + 0 - k. Calculate a(t).
10
Let x(d) = -5*d**3 - d**2 + d + 1. Let i(f) = -f**2 - 15*f + 15. Suppose -o - 96 = 5*o. Let l be i(o). What is x(l)?
4
Suppose 3 = 3*c + 39. Let s(x) = 14*x - 5*x - 6*x - 4*x - 9. Calculate s(c).
3
Let a(v) = v**3 + 2*v**2 + v. Suppose -19 = 5*j - 6*j + 5*p, -4*p - 19 = 3*j. Determine a(j).
0
Let w(q) = -2*q - 2. Suppose 0 = 2*g, 3*m = -g - g - 6. What is w(m)?
2
Let l(d) = 15*d**2 + 404 - 10*d - d**3 - d - 399 - 22*d**2. Give l(-4).
1
Suppose -2*x + 24 = 40. Suppose m + 3*m = 4. Let s(w) = -w**2 - 1. Let n(i) = -10*i**2 - 6. Let k(y) = m*n(y) + x*s(y). What is k(2)?
-6
Suppose 3*q = 3*a - 24, -3*a + 4 = -3*q + 4*q. Let f(r) be the second derivative of -5/2*r**2 - 3*r + 0 + 1/6*r**a. Calculate f(4).
-1
Let n(k) = -2*k - 13. Let s(p) = -3*p - 27. Let f(c) = -5*n(c) + 3*s(c). Determine f(14).
-2
Let c be (56/(-42))/(2/(-3)). Let a(d) = -d**2 + 4*d - 6. Let w(m) = -m - 1. Let s(y) = c*w(y) - a(y). Give s(6).
4
Let y(u) be the third derivative of -u**4/12 + 5*u**3/6 + 41*u**2. What is y(-6)?
17
Let u = -5 - 15. Let l = u - -26. Let f(j) = j**3 - 6*j**2 - 4*j + 6. Determine f(l).
-18
Let h(w) be the first derivative of -7*w**4/24 + w**3/3 - 9*w**2/2 + 22. Let m(t) be the second derivative of h(t). What is m(3)?
-19
Let p(j) = 4*j**3 + 4*j**2 + 10*j + 9. Suppose 12 - 20 = -i. Let r(u) = 11*u**3 + 13*u**2 + 29*u + 27. Let s(w) = i*p(w) - 3*r(w). Calculate s(-6).
-3
Suppose 6 = 7*j - 6*j. Suppose 36 = 3*d + 3*t, 2*d = j*t - t - 4. Let p(c) = 0 - 3*c + c + d - c**3 + 15*c**2 - 9*c**2. What is p(6)?
-4
Let y(f) = f - 2. Let t(q) = -11*q - 5. Let v = 16 + -9. Let r(k) = 12*k + 6. Let d(s) = v*t(s) + 6*r(s). Let z be d(-1). Determine y(z).
4
Let u be (35 - -13)/12*(-2)/(-2). Let l(k) = -k**2 + 7*k - 4. Determine l(u).
8
Suppose 0 = -t + 5*z + 16, 2*t - 4 = 3*z - 7. Let v be (104/(-20))/((-4)/10). Let a = v + t. Let k(n) = -n + 2. Calculate k(a).
-2
Let t(s) = -s - 5. Let p(x) = x + 5. Let z(h) = -h**3 + 2*h**2 + 2*h - 4. Let k be z(3). Let r(v) = k*t(v) - 6*p(v). What is r(0)?
5
Let b be ((-2)/2)/((-129)/645). Let t(j) = j**3 - 5*j**2 - 2*j - 7. Calculate t(b).
-17
Suppose 2*p - 2*t + 3*t = 59, 5*t + 97 = 4*p. Let k(f) = 32*f + p*f - 57*f. What is k(6)?
18
Suppose -5*g - 8 = -l + 1, -24 = 3*l + 2*g. Let m(v) = v + 14*v**3 - 33*v**3 + 7 + 6*v**2 + 20*v**3. What is m(l)?
1
Suppose 2*w = 6 - 0. Let u(i) be the second derivative of 1/2*i**2 + 0 - 5*i - 1/12*i**4 + 2/3*i**3. Give u(w).
4
Let v = 5 + -9. Suppose 0 = -11*i + 6*i + 30. Let y(r) = i*r**3 - r**3 - 2 - 4*r**3 + r**2 + 3*r**2. Determine y(v).
-2
Let g(b) = b**2 + 3*b - 11. Let w be g(-7). Suppose -i + 5*d + 8 = i, 3*i = 5*d + w. Let h(p) = -2*p**3 - i*p**3 + 12*p**3. What is h(0)?
0
Let x(o) = 3*o**3 + 9*o**2 + o - 4. Let u(q) = 13*q**3 + 37*q**2 + 5*q - 16. Let z(a) = 2*u(a) - 9*x(a). Let w be (8 - 6)*(-6)/(36/21). Give z(w).
-3
Let x(v) = -v - 26. Let i = -387 + 387. Determine x(i).
-26
Let x(c) = 55*c + 195. Let n(h) = 5*h + 18. Let r(o) = -65*n(o) + 6*x(o). Let z = -2 + 1. Let i be (4/z - -2)/(-1). Calculate r(i).
10
Suppose 0 = 4*g - 47 - 53. Suppose g + 5 = -5*v. Let b be (-3)/v*(0 - 0). Let u(x) = x + 8. Give u(b).
8
Let a(m) = 54*m - 6. Let q be a(0). Let w(p) = p**2 + 7*p + 3. What is w(q)?
-3
Let a(z) be the second derivative of -z**3/6 - 5*z**2/2 - z + 35. Let y(b) = -7*b - 1. Let r be y(-3). Suppose 0 = m + 4*m - r. What is a(m)?
-9
Let n(u) be the third derivative of u**5/30 - u**4/12 + u**3/6 + 64*u**2. Determine n(2).
5
Let w(v) = -2*v**3 + 45717*v**2 - 45708*v**2 + 3*v**3 + v. Give w(-9).
-9
Let u(p) be the second derivative of -p**4/12 + 2*p**3 + 15*p**2/2 + p. Let c be ((-1)/(-5))/((-153)/(-9945)). Calculate u(c).
2
Let h(q) = 8*q**3 + 2*q**2 - 4*q + 5. Suppose 4*y = -t - 16, -5*t - 4*y - 9 - 23 = 0. Let b(f) = f**2 - f + 1. Let j(n) = t*b(n) + h(n). Calculate j(1).
7
Let c(w) = 23 + w - 56*w**2 + 25*w**2 + 30*w**2. Let z(l) = l**3 + 13*l**2 - 13*l + 14. Let v be z(-14). Give c(v).
23
Suppose -13*w + 48 = -30. Let k(x) = x**2 - 7*x + 7. Give k(w).
1
Let h(a) = -2*a**2 - a + 6. Let g = -11 - -6. Determine h(g).
-39
Let n(w) = 29 + 5*w**2 + 0*w**2 + 54 + w - 83. Calculate n(2).
22
Let f(o) be the second derivative of -o**3/6 - o**2 + 278*o. Give f(-9).
7
Let w = -17 + 30. Suppose -7*a - 2*x = -3*a - 2, -w = 4*a - 3*x. Let q(l) = 3*l**3 + 1. Give q(a).
-2
Let z(m) = -m - 16. Let n(t) = 4*t - 97. Let o be n(22). Determine z(o).
-7
Let p(h) = -h**2 + h - 1. Let o be p(1). Let k be (o/(-2))/((-7)/28). Let w(v) be the third derivative of v**4/24 - v**3/6 + 18*v**2. What is w(k)?
-3
Let p(s) = 4*s**3 + 5*s**2 + 7*s - 2. Let y(m) = -9*m**3 - 9*m**2 - 13*m + 6. Let j(d) = -7*p(d) - 3*y(d). Calculate j(-7).
17
Let o(m) be the third derivative of -m**5/120 - 7*m**3/2 + 8*m**2. Let u(v) be the first derivative of o(v). Calculate u(0).
0
Let m(y) = 5*y - 3*y - y + 198 - 186. Let f = -445 - -438. Calculate m(f).
5
Let r(b) = -2*b**2. Let d be r(-1). Let t(x) = -23*x + 7. Let k(j) = 32*j - 10. Let q(c) = -5*k(c) - 7*t(c). What is q(d)?
-1
Let q(m) = 14*m - 4 - m**3 + 4*m - 22*m - 5*m**2. Calculate q(-4).
-4
Let z(t) be the second derivative of -7*t**5/60 + 8*t**3 - 5*t. Let c(a) be the second derivative of z(a). Calculate c(1).
-14
Let u(n) = 2*n**2 - 85*n - 39. Let j be u(43). Let d(k) = k**3 - 5*k**2 + 4*k - 3. Give d(j).
-3
Suppose 0 = -4*m - 4, 0*m + 2*m = -2*f - 12. Let d(x) = -x. Let k(v) = v**2 + 3*v + 4. Suppose 4*i + 4 = 5*i. Let u(j) = i*d(j) - k(j). What is u(f)?
6
Let y(b) = b**3 - 9*b**2 + b - 7. Let i be y(9). Let u(x) = -2*x + 10*x - x + 7 + 3*x**2 - 2*x**i. Give u(-7).
7
Let i(d) = -d**2 - 4*d + 8. Let v be i(-6). Let l be 2 + v/(-2) + -2. Let m(g) = 1 + 2*g + 0*g - 5*g + 2. What is m(l)?
-3
Suppose 0 = 413*o - 410*o + 15. Let y(k) be the second derivative of k**3/6 + k**2 + 2*k. Calculate y(o).
-3
Let z be 3/(-3)*(-1)/(5/10). Let r(h) = -15*h. Give r(z).
-30
Let c be (-2)/8 - 6/8. Let r = 2 - c. Let b(p) be the first derivative of p**4/4 - 4*p**3/3 + p**2 - p - 62. Determine b(r).
-4
Let f(z) = z**2 - z - 13. Let c(q) = q**2 - 4*q - 12. Let j be c(6). Suppose j = l + 4*l. Give f(l).
-13
Let y(h) be the second derivative of -4*h**3/3 - h**2/2 + 3*h. Let o be (-18)/42 + 690/(-7). Let a be o/(-81) + 2/(-9). What is y(a)?
-9
Let l(u) = 12*u**2 - 15*u - 1. Let t(h) = -7*h**2 + 8*h. Let o(d) = 4*l(d) + 7*t(d). Give o(-4).
-4
Let q(j) = -2*j**2 + j**2 - j**2 + j**2. Let w(p) = -p**3 - 11*p**2 + p + 4. Let g(n) = 6*q(n) - w(n). What is g(-5)?
1
Let z(o) be the second derivative of 0 + 1/12*o**4 + 2*o**2 - 1/3*o**3 - o. Calculate z(3).
7
Let h be (-10 - 2)*(6 + -5). Let z(v) = -v - 14. What is z(h)?
-2
Let h be (-2)/(-13) + 608/104. Let f(s) = -20*s + 1 + 18*s - h + 3*s. Give f(-5).
-10
Let a(k) = -8*k**2 + k - 15*k**2 + 2*k**2. Suppose 46*n + 27 = 73*n. Give a(n).
-20
Let h(m) be the second derivative of -m**6/120 - 7*m**5/60 - 7*m**4/24 - 7*m**3/6 + 5*m**2/2 - 25*m. Let t(k) be the first derivative of h(k). Determine t(-6).
-1
Let a(t) = t - 1. Let x(o) = 14*o - 3*o + 11 - 5*o - 4*o. Let n(s) = a(s) - x(s). Determine n(-5).
-7
Let x(o) = -2*o + 28. Let b(s) = -30*s - 343. Let t be b(-12). Determine x(t).
-6
Let h(k) = 43*k + 1. Let v(y) = 91*y + 3. Let j(g) = 9*h(g) - 4*v(g). Give j(-2).
-49
Let o = -360 + 346. Let p(s) = -s**3 - 15*s**2 - 14*s + 9. What is p(o)?
9
Suppose 0 = -j - 4*m + 23, -5*m + 2*m = -j - 5. Let y(t) = -14*t - 216 + 5*t - 211 + t**2 + 437. What is y(j)?
-4
Suppose -2*u = 2*d - u - 9, -4*d + 36 = -4*u. Suppose -4*p = -26 + d. Let v(z) = -z + 12. Give v(p).
7
Suppose -13*l = -4*l. Suppose -u + 6*b - 4*b + 13 = 0, l = 5*u + 5*b - 20. Let g(o) = o**3 - 8*o**2 + 9*o - 5. Give g(u).
9
Suppose -5*v = 5, 1 = -3*j - 5*v + 2. Let p be 6/(j - 1 - -1). Let l(i) = -i + 6. What is l(p)?
3
Let h = -141 + 141. Let c(z) = z**3 - z**2 - 9. Determine c(h).
-9
Let v(h) = -h**3 + 27*h + 2*h**2 + 0 - 14*h + 1 - 16*h. Let l be v(2). Let u(r) = r**3 + 6*r**2 + 6*r.